 highest common factor of 110 and c?
55
Suppose 404 = v + 4*z, -11*v = -14*v - 2*z + 1202. What is the highest common divisor of v and 25?
25
Let j(u) = u**3 + 2*u**2 - 2*u - 4. Let o be j(2). What is the highest common divisor of o and 40?
8
Let d be 21/((-3)/(-2) - 3). Let w(f) = -f - 4. Let c be w(d). Suppose -135 = -3*t + 3*l - 0*l, 15 = t + 5*l. Calculate the greatest common divisor of c and t.
10
Let z(i) be the second derivative of i**4/6 - 5*i**3/6 + i**2 - 16*i. Let y be z(9). Calculate the greatest common divisor of y and 17.
17
Let b be (105/(-20))/(1/8). Let p be (9/b*-4)/(2/7). Calculate the highest common divisor of p and 27.
3
Suppose -2*q - z + 127 = 0, 4*z + 25 = 3*q - 182. Let d be (-77)/4 - 1/(-4). Let u = -6 - d. What is the highest common factor of q and u?
13
Suppose -3*c + 1095 = 5*v + 201, c + 182 = v. Calculate the highest common divisor of v and 468.
36
Let x = -478 - -774. Calculate the highest common divisor of 37 and x.
37
Let l(c) = 6*c**2 - c**3 - 7*c + 6 - 4 + 3. Let p be l(4). Suppose -31*s + 207 = -8*s. Calculate the greatest common divisor of s and p.
9
Suppose 0 = -3*d + 8*g - 11*g + 171, -3*d + 3*g + 153 = 0. Let c = 35 - 17. Calculate the highest common factor of c and d.
18
Let y be (-112)/(-48) + 2/(-6). What is the highest common divisor of 2 and y?
2
Let q = -392 - -471. Calculate the highest common divisor of q and 1.
1
Let k(l) = -2*l + 31. Let c be k(-9). Suppose -c = -4*i - 3*i. Calculate the highest common factor of 77 and i.
7
Let n = -443 - -445. What is the greatest common factor of 54 and n?
2
Suppose -2*g - g + 120 = 0. Let d be ((-18)/6)/((-6)/g). Let v = -13 + d. Calculate the highest common factor of 28 and v.
7
Let f(j) = 4*j**2 - 45*j - 135. Let u be f(14). Calculate the highest common factor of u and 779.
19
Let s be (5 + -14)/((-1)/9). Calculate the greatest common divisor of 9 and s.
9
Let n(d) = d**2 - 2*d - 1. Let k = -128 - -131. Let o be n(k). What is the greatest common factor of o and 3?
1
Let l(g) = -g**2 - 8*g - 6. Let q be l(-6). Let p be 3 + (-3)/(-9)*q. What is the greatest common divisor of p and 2?
1
Let j = 68 - 65. Suppose j*b + 3*u - 36 = -0*b, -4*u = -8. Calculate the greatest common factor of 4 and b.
2
Suppose -5 = 4*u + 19. Suppose 5*x = -5*x - 80. Let c be u/x + 90/8. Calculate the greatest common factor of 108 and c.
12
Let l(y) = -y**2 - 15*y - 5. Suppose 12*d = 9*d. Suppose d = -2*f - 5*f - 84. Let z be l(f). Calculate the greatest common factor of 186 and z.
31
Let j be (-6)/(-4)*(-10)/(-3). Suppose 0*z - 8 = -2*y - z, 12 = 3*y - j*z. Suppose 2*t - y = 12. What is the greatest common divisor of 20 and t?
4
Let v(w) = w**3 - 2*w**2 + 6*w - 7. Let d be v(2). What is the highest common factor of d and 7?
1
Let v be -5*(-4)/3*66/5. Suppose 11*z - 33 = v. What is the greatest common factor of z and 99?
11
Suppose -56*t + 53*t = 225. Let s = t - -110. What is the greatest common factor of s and 7?
7
Let b(c) = -6*c + 111. Let m be b(8). Calculate the highest common divisor of 117 and m.
9
Let k = -47 + 132. Let x be (0 - (-12)/21) + 2050/14. Let d = x + k. Calculate the highest common divisor of d and 29.
29
Let k = -42 - -175. Let i be k/4 - (-5 + 63/12). Calculate the greatest common divisor of i and 6.
3
Let n(s) = 2*s**2 - 3*s - 2. Let z be n(-2). Let k be (-30)/(-4)*(-360)/(-75). Calculate the highest common factor of z and k.
12
Suppose 5*v = -3*s + 150, -4*v = -3*s + 8 + 142. What is the highest common factor of s and 575?
25
Let h be 1/(-7 + 8)*240. What is the highest common divisor of h and 30?
30
Let z be 1/(2/6*48/64). Suppose -3*k + g + 8 = -3, -2*g = k + 8. Suppose 0 = k*x - 4*x + 40. Calculate the greatest common divisor of x and z.
4
Let d = -188 + 338. Suppose 8*v - 16*v = 79*v - 2610. Calculate the greatest common divisor of d and v.
30
Let b = -947 + 2106. Let w = b - 823. Calculate the greatest common factor of w and 42.
42
Let a be 18/4 - (-6)/(-4). What is the greatest common factor of a and 71?
1
Let u = -4 - 32. Let c be 2/6 - 780/u. Let z = 170 + -82. Calculate the highest common factor of c and z.
22
Let s(r) = r**2 - 18. Let f be s(-9). Let p be f/(-12)*8/(-3). Let l = -21 - -49. What is the highest common divisor of p and l?
14
Suppose -4 = -2*g, -f - g - 1 + 0 = 0. Let k(i) = 5*i**2 + 2*i + 2. Let b be k(f). Let x = -23 + b. What is the highest common factor of 45 and x?
9
Let i be (-37 - -1)*130/(-78). What is the greatest common factor of 480 and i?
60
Let u(f) = 16*f - 24. Let l be u(6). Calculate the greatest common divisor of 336 and l.
24
Let g = -1 - -52. Calculate the highest common divisor of 17 and g.
17
Let b = -93 - -1103. Calculate the greatest common factor of 10 and b.
10
Let o = -2 - -4. Suppose -6*c = -8*c + o. Suppose w + 10 = -4*f, -2*w + 3*w + c = -f. What is the greatest common divisor of w and 22?
2
Suppose -126 = -5*l - 31. Let g = 30 - l. What is the greatest common divisor of g and 99?
11
Let u(c) be the first derivative of c**2 + c - 1. Let v be u(2). Let i be 24/84 - 68/(-7). What is the highest common divisor of v and i?
5
Let p(j) = 49*j**3 - 7*j**2 + 7*j + 15. Let a be p(3). Calculate the highest common factor of a and 16.
16
Let p be -3 - (-231)/6 - 6/(-12). What is the highest common factor of p and 4?
4
Let v be (-10 - 2 - 3)/(-1). Let w be (-1)/(-4) - (-39702)/(-24). Let t be w/(-10) - (-2)/(-5). Calculate the greatest common divisor of t and v.
15
Suppose 63*r = 65*r - 198. Calculate the greatest common factor of r and 55.
11
Let r be (21/(-35) - -7)*20. Calculate the greatest common divisor of r and 2176.
128
Suppose 4*a - 2*b - 1164 = 0, 2*a - 3*b - 248 = 342. What is the highest common divisor of a and 34?
17
Suppose 0 = -3*a + 3*l + 42, 12 = a - 0*l - 2*l. Suppose 0 = -2*s + 10, -19*s = 5*y - 21*s - 550. What is the greatest common factor of y and a?
16
Let a be (-2)/(-11) + (-20)/(-11). Suppose 2*n + 3*n - 75 = -a*z, 4*n + 30 = 2*z. Suppose 2*u = -3*u + 50. Calculate the greatest common factor of u and z.
5
Suppose 53*p - 56*p + 540 = 0. Suppose 5*y = 368 - 8. What is the greatest common divisor of p and y?
36
Let o = -4 + 4. Let m(b) = b**2 - b + 108. Let y be m(o). Let a = -107 - -119. Calculate the highest common divisor of y and a.
12
Suppose 3*j - x - 15 = 0, 17 = -10*j + 12*j - 3*x. What is the highest common divisor of 28 and j?
4
Suppose -4*z + 15 = 5*r, -3*r - 6 = -5*r - 5*z. Let v = -338 + 350. Calculate the highest common factor of v and r.
3
Suppose 131 = 6*w - 19. What is the greatest common divisor of w and 200?
25
Let z = 34 - 29. Suppose 5*n - 5*d = -z, d + 0*d = -n + 5. Suppose 2*a + n*c = 22, -a - c = -4*c - 7. What is the highest common divisor of a and 40?
10
Let a = 5399 + -5385. Let x be (-2)/(-3) - 82/(-3). Calculate the highest common divisor of x and a.
14
Suppose n - 15 = t, -2*n + 2*t = 5*t - 55. Let r be (2/(-2))/((-10)/n). What is the highest common factor of 5 and r?
1
Suppose -724 = 4*w + 4*n, 187 = -3*w + 2*w - 3*n. Let b be (w/(-5) - 2)*5. Let l = b - 93. Calculate the greatest common factor of 30 and l.
15
Let u(x) = -x**3 + 2*x**2 + x + 189. Let y(n) = -n**3 + 7*n**2 - n + 7. Let d be y(7). Let t be u(d). What is the highest common factor of 21 and t?
21
Suppose 8*r - 10*r = -120. Suppose -9*w + 10*w = r. Calculate the greatest common factor of w and 24.
12
Let c be (-96 - -2)/(10 + (-648)/63). Calculate the greatest common divisor of 7 and c.
7
Let v(y) = -4*y + 7*y**2 - 6 + 12*y**2 + 11*y**2 - 26*y**2. Let z be v(4). What is the greatest common factor of 14 and z?
14
Let y be ((30/8)/1)/(63/504). Calculate the highest common divisor of y and 315.
15
Suppose q - a - 83 = -2*a, 0 = 5*q - 2*a - 450. Suppose 5*t + q + 142 = 5*x, -2*x = -5*t - 95. What is the greatest common divisor of 60 and x?
15
Let l(a) = -9*a**3 - 2*a**2 - 4*a. Let z be l(-3). Calculate the greatest common divisor of z and 79.
79
Let c be -1 - -8 - (2 - -2). Suppose l = -5*y - 3*l + 76, 51 = 3*y - c*l. Calculate the greatest common divisor of y and 144.
16
Suppose -b - 4*b = 3*a - 46, 4*b - 34 = -2*a. Suppose 3*l = 2 + a. Suppose -1 = l*t - 37. What is the highest common factor of 18 and t?
6
Let j = 4 + 3. Suppose -4*b + a = -0*b + 22, a - j = b. Let u = 3 - b. What is the greatest common 